ermine i(q).
-2
Let x(c) = -148 + 295 - 141 + c. Let z be (0 - (6 + -1))*1. Calculate x(z).
1
Let n(l) = -4*l**3 + 5*l**2 + 5*l + 5. Let c(u) = -u**3 + u + 1. Let k(d) = -3*c(d) + n(d). Give k(5).
12
Let s(j) = -j**3 + 2*j**2 + 1. Let p = 38 - 36. Calculate s(p).
1
Let j(r) = 3*r**2 + r**2 + r - 2 - 5*r**2. Give j(-2).
-8
Let g = 196 - 199. Let r(l) be the second derivative of l**4/6 + l**3/2 - 2*l**2 + l. Give r(g).
5
Let g be (-4 + 3)*(-1 - -1). Suppose g = -s - 4*s. Let z(r) = -r**3 - r**2 + r - 6. Give z(s).
-6
Let n(y) = y + 8. Let b be n(-7). Let p(f) = 3*f + 7. Let q(c) = -c - 2. Let o(v) = -2*p(v) - 7*q(v). What is o(b)?
1
Suppose 7*r + 30 = 2. Let h(l) = 3*l + 2. Determine h(r).
-10
Suppose 6*j = -207 + 213. Let g(z) = 2*z**2 + 3*z + 2. Suppose -n = 4*n + 10. Let t(y) = -4*y**2 - 7*y - 5. Let c(r) = n*t(r) - 5*g(r). Give c(j).
-3
Suppose -4 = 4*u + 8. Let a(q) be the first derivative of q**2 - q + 11. Calculate a(u).
-7
Let p(a) = -a**3 + 2*a**2 + a. Suppose -3*i + 0 = -6. Let q be p(i). Let r(t) = 5 - 3 + 0*t**2 - t**q. Calculate r(2).
-2
Let b(d) = d - 2 - 3 - 6*d + 2*d. Let c = -2 - 2. Calculate b(c).
7
Let r = 12 + -36. Let w be 3/2*r/9. Let g(l) = 5*l + 7. Let m(a) = 2*a + 3. Let k(f) = 6*g(f) - 14*m(f). What is k(w)?
-8
Suppose x - 30 = -5*x. Let b(y) = -2*y**2 + 7*y - 4. Calculate b(x).
-19
Let a be (2/6)/((-5)/(-90)). Let f(i) = 2*i - 9. Give f(a).
3
Let t(r) = r. Let s(x) = -7*x + 3. Suppose 0 = -5*j + 24 - 4. Let v be (-24)/6*(-1)/j. Let p(b) = v*s(b) + 3*t(b). Calculate p(3).
-9
Let u(p) be the third derivative of -p**4/24 + 8*p**2. Let a(s) = s. Let w be a(3). Calculate u(w).
-3
Let l(d) be the third derivative of d**4/12 + 2*d**3/3 + 2*d**2. Let p(b) = -2*b - 35. Let a be p(-15). Calculate l(a).
-6
Let c be ((-4)/2)/((-5)/(50/(-4))). Let q(x) = 3*x - 2. Give q(c).
-17
Suppose 4*w + 7 = b, 2*b - 4*w = 6*b + 32. Let t(k) be the third derivative of -k**5/60 - k**4/8 + k**3/2 + k**2. Determine t(b).
-7
Let t = -12 + 16. Let g(y) = y**3 - 4*y**2 - 5*y + 11. Let v(l) = -l**3 + 4*l**2 + 4*l - 10. Let j(m) = -5*g(m) - 6*v(m). Give j(t).
9
Let b(z) = -z**2 + z - 6. Let t = -59 - -59. What is b(t)?
-6
Let s(c) = -4 + 4*c - 3*c - 2*c. What is s(-3)?
-1
Let g(m) be the third derivative of m**4/6 - 2*m**3/3 - m**2 - 7. Give g(3).
8
Let a(n) = -4*n - 2. Let g(f) = -2 - 2*f - 3 - 4*f - 3*f. Let l(w) = 5*a(w) - 2*g(w). Calculate l(-4).
8
Let a(b) be the first derivative of b**7/105 + b**5/60 + b**4/24 + b**3/3 + 1. Let y(i) be the third derivative of a(i). Suppose -4*n = 3*n + 7. Determine y(n).
-9
Suppose 0 = 6*b - 2*b. Suppose -d - 3 = 0, 5*f + 2*d - 7*d - 10 = b. Let h(p) = -3*p**3 + p. Calculate h(f).
2
Suppose -5*c = -14 - 1. Suppose 2*y - c*o + 2*o = 2, 0 = -3*y - 5*o - 23. Let h(r) = 5*r - 4*r - 787*r**2 + 1 + 793*r**2. What is h(y)?
6
Let i(s) = -s**3 + 4*s**2 - 2*s - 4. Let f = 10 + -7. What is i(f)?
-1
Let k(r) = 4*r - 2. Let n be 2/(-4)*6/(-1). Give k(n).
10
Let r(z) = -4*z + 23. Let l be r(7). Let d = l - -9. Let c(t) be the second derivative of t**3/6 + t. Calculate c(d).
4
Let n(m) = m**2 + m + 3. Let a be n(0). Suppose 0 = i + f, -i = -a*f - 0 - 8. Let p = i - 2. Let v(d) = -d**3 + d**2 - d + 5. Give v(p).
5
Let a(x) = 10*x**3 + x**2 - x. Suppose 3*y - 2*b - b + 3 = 0, 8 = 4*b. What is a(y)?
10
Let s(n) = -7*n - 4*n - 8*n - 6*n**2 + n**3 + 10*n + 6. Calculate s(7).
-8
Let z(q) = -q**2 + q + 2. Let c = 0 + -11. Let v = c - -15. Suppose -2*x - 6 = -v*x. Give z(x).
-4
Let c(s) = -3*s - 3*s**2 + 9*s**2 - 3*s**2 + 3. Give c(2).
9
Let f = 2 + -4. Let t(w) = 1. Let b(s) = 4*s + 7. Let d(n) = -b(n) + 4*t(n). Give d(f).
5
Let r(o) = -o**2 + 9*o - 8. Let t be r(7). Suppose -18 = -3*j - t. Let b be -4 + -1 + j + -2. Let m(d) = d**3 + 3*d**2 - 2*d - 2. What is m(b)?
4
Let m = 25 + -12. Suppose -12 + 4 = -3*r + 4*f, 4*r - 3*f - m = 0. Let k(g) = -4*g + 3*g + 3*g - 2 - g**2 - r*g. Determine k(-2).
-2
Let d(m) = -1 + m**3 + 22*m - 1 - 28*m + 4*m**2. Let l = -2 - -1. Let a be (20/4)/(0 + l). What is d(a)?
3
Suppose -5*d = i + 6, -4*d - i - 3 = -2*i. Let h(f) = -5*f. What is h(d)?
5
Let l = -4 - -8. Let s(b) = -6*b - 3. Let t(i) = 3*i + 1. Let v(d) = -3*d - 1. Let n(o) = 6*t(o) + 7*v(o). Let z(p) = -9*n(p) + 4*s(p). Give z(l).
9
Let p(q) = 9*q - 1. Let u(r) = -8*r + 1. Let f(b) = -4*p(b) - 3*u(b). Determine f(1).
-11
Let u(c) = -2*c + 20. Let f be u(11). Let j(a) = 3*a**2 - 1. Give j(f).
11
Let b(q) be the first derivative of -1/4*q**4 - q**2 + 1/10*q**5 + 0*q + 1/2*q**3 + 1 - 1/120*q**6. Let x(r) be the second derivative of b(r). Give x(5).
-2
Let q(a) = -a**3 + 6*a**2 - 4*a - 3. Let v be q(5). Let g(u) = 3 + 4 - u**3 - 4*u**2 + 3*u + 4*u - u**v. Give g(-6).
1
Let d(i) = 7*i**3 + i**2 + i - 1. Let g = 5 + -4. Give d(g).
8
Let q(t) = -t**3 + 3*t**2 - 2*t. Let a be 3 - (0 + (3 - 3)). Give q(a).
-6
Let k(g) = g**3 - 10*g**2 + 8*g + 8. Suppose -i + 3*f = i - 27, 12 = 2*i + 2*f. What is k(i)?
-1
Let o(g) = -g + 0 + 8 - 3. Determine o(5).
0
Let s(o) be the first derivative of o**4/4 + 5*o**3/3 + o**2/2 - o + 5. Give s(-5).
-6
Let w(l) = l**3 + 2*l**2 + 2*l + 2. Let a(y) = y + 7. Let r be a(-4). Suppose -r*h - 3 = n, 6*n - 22 = 5*h + 2*n. Determine w(h).
-2
Let g(u) = u + 2*u**2 - 7*u - u**2 + 4 + 0*u**2. Give g(6).
4
Let q(b) = 4 + 3 + 5*b**3 - 6 + b + b**2. Let p(r) = 5*r + 29. Let l be p(-6). Give q(l).
-4
Let x(z) = 12*z - 2. Suppose 0 = -99*w + 94*w + 10. Give x(w).
22
Let v(t) = -10*t**3 - 116*t**2 + 63*t**2 + 54*t**2. Calculate v(-1).
11
Let u(x) = 6*x**3 - 3*x**2 - 4*x + 1. Let w(t) = -4*t - t**2 - 2*t**2 + 8*t**3 + 0*t**3 - t**3. Let a(f) = -6*u(f) + 5*w(f). What is a(4)?
-6
Let n = -6 + 0. Let p(q) = 7*q**3 + 11*q**2 - 4. Let z(r) = -15*r**3 - 23*r**2 - r + 8. Let b(i) = 13*p(i) + 6*z(i). Give b(n).
-4
Let v(a) = -a. Let p(l) = -l**3 + l**2 + l - 2. Let o(q) = p(q) + 2*v(q). Suppose 0 = 4*n - 2 + 14. Let c = n - -3. Calculate o(c).
-2
Let v(h) = h + 7. Suppose -5*j = -0*j + 5, -5*i + j - 14 = 0. Let f be v(i). Suppose 0 = -0*a - 2*a - f. Let w(s) = -s**3 - s**2 - 2*s - 1. Determine w(a).
7
Let k(h) = h + 1. Let i be k(-1). Let a(d) = 2 + i - 8*d + 7*d. Determine a(3).
-1
Let l(c) = -c**2 - 7*c. Suppose 25 = -i - 4*i. What is l(i)?
10
Let n be 1/(-4) + (-27)/4. Let f(x) = -2*x + 3*x + 9 - 1 - 3. Let h be f(n). Let p(u) = u**3 + 3*u**2 + 3*u. Give p(h).
-2
Let d(k) be the first derivative of k**4/4 + k**3/3 + 15*k - 20. Calculate d(0).
15
Let i be (2 - 3) + (2 - 2). Let o(a) be the first derivative of 3*a**4/2 + a**3/3 - a + 2. Determine o(i).
-6
Let x(f) = -5*f**3 - f**2 + 5. Let c(h) = h**3 - h**2 - h - 1. Let t(b) = 4*c(b) + x(b). Suppose -4*a - 6 = -5*l + 20, l + 6 = -2*a. Calculate t(a).
1
Let j(v) be the second derivative of v**4/24 - 3*v**3/2 + 3*v**2/2 + v. Let x(l) be the first derivative of j(l). Give x(6).
-3
Let p(n) = 2*n - 6. Let b be p(4). Let j(w) = 5*w**2 + b*w - 2*w**3 + w**3 + 2*w**3. Suppose -2*k = 2*l + 16 + 4, 2*l = -k - 15. Calculate j(k).
-10
Let z(b) = b**2 - 12*b - 7. Let j be z(13). Let x(a) = -2*a + 8. Give x(j).
-4
Let j(x) = x**3 - 5*x**2 - x + 1. Let d = -1 - -6. Calculate j(d).
-4
Let a(i) = i**2 + 19*i - 17. Let g be a(-20). Let n(j) be the first derivative of -2/3*j**g - 1/2*j**2 + 2*j - 2. Determine n(2).
-8
Let o(a) = -8*a + 1. Let f be (-1)/(-4) + 6/8. Suppose -f = -4*v + 3. Let w be ((-3)/6)/(v/(-2)). Determine o(w).
-7
Let w(m) be the second derivative of m**3/3 - 5*m**2/2 - 7*m. What is w(4)?
3
Let k be 9*6/9 - 3. Let l(h) = -4*h + 4. Determine l(k).
-8
Let b(k) = k**2 - 7*k - 8. Let r be b(8). Let q(j) be the second derivative of -1/12*j**4 + 0 + 2/3*j**3 + r*j**2 + 2*j. Give q(5).
-5
Let m(g) be the first derivative of -5/24*g**4 + 0*g + g**2 - 1/12*g**5 - 1/3*g**3 - 2 - 1/120*g**6. Let f(s) be the second derivative of m(s). What is f(-3)?
-5
Let w be ((-3)/2)/((-6)/(-8)). Let g(k) = -23*k. Let t(x) = 8*x. Let n(d) = -3*g(d) - 8*t(d). Calculate n(w).
-10
Let t(a) be the second derivative of -a**3/2 - 2*a. Calculate t(4).
-12
Let r(c) = 3*c + 6. Let q be r(-6). Let s be 68/q + (-4)/12. Let z(d) = d**2 + 7*d + 5. What is z(s)?
-1
Let z(f) be the second derivative of f**3/6 + f**2/2 + 5*f. Give z(-3).
-2
Let p = -9 + 14. Let q be (-8)/6*(-6)/(-4). Let v(f) = f**3 + 5*f**2 + 3*f - 4. Let c(b) = 